{"id":1068,"date":"2022-02-13T22:22:05","date_gmt":"2022-02-13T21:22:05","guid":{"rendered":"https:\/\/sebmultiservices.com\/?page_id=1068"},"modified":"2024-09-06T10:46:55","modified_gmt":"2024-09-06T08:46:55","slug":"pose-de-cuisine-equipee","status":"publish","type":"page","link":"https:\/\/sebmultiservices.com\/index.php\/pose-de-cuisine-equipee\/","title":{"rendered":"Pose de cuisine \u00e9quip\u00e9e"},"content":{"rendered":"\n<p><strong><span class=\"has-inline-color has-vivid-cyan-blue-color\">Projet<\/span><\/strong> : <strong>Pose d&rsquo;une cuisine \u00e9quip\u00e9e<\/strong> :&nbsp;colonnes, plaque en vitro c\u00e9ramique, \u00eelot central&nbsp;et prise de courant r\u00e9tractable<\/p>\n\n\n\n<figure class=\"wp-block-gallery has-nested-images columns-default is-cropped wp-block-gallery-1 is-layout-flex wp-block-gallery-is-layout-flex\">\n<figure class=\"wp-block-image size-large\"><img data-recalc-dims=\"1\" loading=\"lazy\" decoding=\"async\" width=\"847\" height=\"635\" data-id=\"1077\" src=\"https:\/\/i0.wp.com\/sebmultiservices.com\/wp-content\/uploads\/2022\/02\/IMG_7009.jpg?resize=847%2C635&#038;ssl=1\" alt=\"\" class=\"wp-image-1077\" srcset=\"https:\/\/i0.wp.com\/sebmultiservices.com\/wp-content\/uploads\/2022\/02\/IMG_7009.jpg?resize=1024%2C768&amp;ssl=1 1024w, https:\/\/i0.wp.com\/sebmultiservices.com\/wp-content\/uploads\/2022\/02\/IMG_7009.jpg?resize=300%2C225&amp;ssl=1 300w, https:\/\/i0.wp.com\/sebmultiservices.com\/wp-content\/uploads\/2022\/02\/IMG_7009.jpg?resize=768%2C576&amp;ssl=1 768w, https:\/\/i0.wp.com\/sebmultiservices.com\/wp-content\/uploads\/2022\/02\/IMG_7009.jpg?resize=1536%2C1152&amp;ssl=1 1536w, https:\/\/i0.wp.com\/sebmultiservices.com\/wp-content\/uploads\/2022\/02\/IMG_7009.jpg?w=1632&amp;ssl=1 1632w\" sizes=\"(max-width: 847px) 100vw, 847px\" \/><figcaption class=\"wp-element-caption\">Pendant<\/figcaption><\/figure>\n<\/figure>\n\n\n\n<figure class=\"wp-block-gallery has-nested-images columns-default is-cropped wp-block-gallery-2 is-layout-flex wp-block-gallery-is-layout-flex\">\n<figure class=\"wp-block-image size-large\"><img data-recalc-dims=\"1\" loading=\"lazy\" decoding=\"async\" width=\"847\" height=\"635\" data-id=\"1078\" src=\"https:\/\/i0.wp.com\/sebmultiservices.com\/wp-content\/uploads\/2022\/02\/IMG_7012.jpg?resize=847%2C635&#038;ssl=1\" alt=\"\" class=\"wp-image-1078\" srcset=\"https:\/\/i0.wp.com\/sebmultiservices.com\/wp-content\/uploads\/2022\/02\/IMG_7012.jpg?resize=1024%2C768&amp;ssl=1 1024w, https:\/\/i0.wp.com\/sebmultiservices.com\/wp-content\/uploads\/2022\/02\/IMG_7012.jpg?resize=300%2C225&amp;ssl=1 300w, https:\/\/i0.wp.com\/sebmultiservices.com\/wp-content\/uploads\/2022\/02\/IMG_7012.jpg?resize=768%2C576&amp;ssl=1 768w, https:\/\/i0.wp.com\/sebmultiservices.com\/wp-content\/uploads\/2022\/02\/IMG_7012.jpg?resize=1536%2C1152&amp;ssl=1 1536w, https:\/\/i0.wp.com\/sebmultiservices.com\/wp-content\/uploads\/2022\/02\/IMG_7012.jpg?w=1632&amp;ssl=1 1632w\" sizes=\"(max-width: 847px) 100vw, 847px\" \/><figcaption class=\"wp-element-caption\">Apr\u00e8s<\/figcaption><\/figure>\n\n\n\n<figure class=\"wp-block-image size-large\"><img data-recalc-dims=\"1\" loading=\"lazy\" decoding=\"async\" width=\"847\" height=\"635\" data-id=\"1079\" src=\"https:\/\/i0.wp.com\/sebmultiservices.com\/wp-content\/uploads\/2022\/02\/IMG_7014.jpg?resize=847%2C635&#038;ssl=1\" alt=\"\" class=\"wp-image-1079\" srcset=\"https:\/\/i0.wp.com\/sebmultiservices.com\/wp-content\/uploads\/2022\/02\/IMG_7014.jpg?resize=1024%2C768&amp;ssl=1 1024w, https:\/\/i0.wp.com\/sebmultiservices.com\/wp-content\/uploads\/2022\/02\/IMG_7014.jpg?resize=300%2C225&amp;ssl=1 300w, https:\/\/i0.wp.com\/sebmultiservices.com\/wp-content\/uploads\/2022\/02\/IMG_7014.jpg?resize=768%2C576&amp;ssl=1 768w, https:\/\/i0.wp.com\/sebmultiservices.com\/wp-content\/uploads\/2022\/02\/IMG_7014.jpg?resize=1536%2C1152&amp;ssl=1 1536w, https:\/\/i0.wp.com\/sebmultiservices.com\/wp-content\/uploads\/2022\/02\/IMG_7014.jpg?w=1632&amp;ssl=1 1632w\" sizes=\"(max-width: 847px) 100vw, 847px\" \/><figcaption class=\"wp-element-caption\">Apr\u00e8s<\/figcaption><\/figure>\n<\/figure>\n\n\n\n<figure class=\"wp-block-gallery has-nested-images columns-default is-cropped wp-block-gallery-3 is-layout-flex wp-block-gallery-is-layout-flex\">\n<figure class=\"wp-block-image size-large\"><img data-recalc-dims=\"1\" loading=\"lazy\" decoding=\"async\" width=\"768\" height=\"1024\" data-id=\"1082\" src=\"https:\/\/i0.wp.com\/sebmultiservices.com\/wp-content\/uploads\/2022\/02\/IMG_7015-1.jpg?resize=768%2C1024&#038;ssl=1\" alt=\"\" class=\"wp-image-1082\" srcset=\"https:\/\/i0.wp.com\/sebmultiservices.com\/wp-content\/uploads\/2022\/02\/IMG_7015-1-rotated.jpg?resize=768%2C1024&amp;ssl=1 768w, https:\/\/i0.wp.com\/sebmultiservices.com\/wp-content\/uploads\/2022\/02\/IMG_7015-1-rotated.jpg?resize=225%2C300&amp;ssl=1 225w, https:\/\/i0.wp.com\/sebmultiservices.com\/wp-content\/uploads\/2022\/02\/IMG_7015-1-rotated.jpg?resize=1152%2C1536&amp;ssl=1 1152w, https:\/\/i0.wp.com\/sebmultiservices.com\/wp-content\/uploads\/2022\/02\/IMG_7015-1-rotated.jpg?w=1224&amp;ssl=1 1224w\" sizes=\"(max-width: 768px) 100vw, 768px\" \/><figcaption class=\"wp-element-caption\">Apr\u00e8s<\/figcaption><\/figure>\n\n\n\n<figure class=\"wp-block-image size-large\"><img data-recalc-dims=\"1\" loading=\"lazy\" decoding=\"async\" width=\"768\" height=\"1024\" data-id=\"1083\" src=\"https:\/\/i0.wp.com\/sebmultiservices.com\/wp-content\/uploads\/2022\/02\/IMG_7016-1.jpg?resize=768%2C1024&#038;ssl=1\" alt=\"\" class=\"wp-image-1083\" srcset=\"https:\/\/i0.wp.com\/sebmultiservices.com\/wp-content\/uploads\/2022\/02\/IMG_7016-1-rotated.jpg?resize=768%2C1024&amp;ssl=1 768w, https:\/\/i0.wp.com\/sebmultiservices.com\/wp-content\/uploads\/2022\/02\/IMG_7016-1-rotated.jpg?resize=225%2C300&amp;ssl=1 225w, https:\/\/i0.wp.com\/sebmultiservices.com\/wp-content\/uploads\/2022\/02\/IMG_7016-1-rotated.jpg?resize=1152%2C1536&amp;ssl=1 1152w, https:\/\/i0.wp.com\/sebmultiservices.com\/wp-content\/uploads\/2022\/02\/IMG_7016-1-rotated.jpg?w=1224&amp;ssl=1 1224w\" sizes=\"(max-width: 768px) 100vw, 768px\" \/><figcaption class=\"wp-element-caption\">Apr\u00e8s<\/figcaption><\/figure>\n<\/figure>\n\n\n\n<div style=\"height:10px\" aria-hidden=\"true\" class=\"wp-block-spacer\"><\/div>\n\n\n\n<p><span class=\"has-inline-color has-vivid-cyan-blue-color\"><strong>Projet<\/strong><\/span> : Pose d&rsquo;une cuisine \u00e9quip\u00e9e<\/p>\n\n\n\n<figure class=\"wp-block-gallery has-nested-images columns-default is-cropped wp-block-gallery-4 is-layout-flex wp-block-gallery-is-layout-flex\">\n<figure class=\"wp-block-image size-large\"><img data-recalc-dims=\"1\" loading=\"lazy\" decoding=\"async\" width=\"847\" height=\"635\" data-id=\"1086\" src=\"https:\/\/i0.wp.com\/sebmultiservices.com\/wp-content\/uploads\/2022\/02\/IMG_0263-1.jpg?resize=847%2C635&#038;ssl=1\" alt=\"\" class=\"wp-image-1086\" srcset=\"https:\/\/i0.wp.com\/sebmultiservices.com\/wp-content\/uploads\/2022\/02\/IMG_0263-1.jpg?resize=1024%2C768&amp;ssl=1 1024w, https:\/\/i0.wp.com\/sebmultiservices.com\/wp-content\/uploads\/2022\/02\/IMG_0263-1.jpg?resize=300%2C225&amp;ssl=1 300w, https:\/\/i0.wp.com\/sebmultiservices.com\/wp-content\/uploads\/2022\/02\/IMG_0263-1.jpg?resize=768%2C576&amp;ssl=1 768w, https:\/\/i0.wp.com\/sebmultiservices.com\/wp-content\/uploads\/2022\/02\/IMG_0263-1.jpg?resize=1536%2C1152&amp;ssl=1 1536w, https:\/\/i0.wp.com\/sebmultiservices.com\/wp-content\/uploads\/2022\/02\/IMG_0263-1.jpg?w=2016&amp;ssl=1 2016w, https:\/\/i0.wp.com\/sebmultiservices.com\/wp-content\/uploads\/2022\/02\/IMG_0263-1.jpg?w=1694&amp;ssl=1 1694w\" sizes=\"(max-width: 847px) 100vw, 847px\" \/><figcaption class=\"wp-element-caption\">Avant<\/figcaption><\/figure>\n\n\n\n<figure class=\"wp-block-image size-large\"><img data-recalc-dims=\"1\" loading=\"lazy\" decoding=\"async\" width=\"847\" height=\"635\" data-id=\"1085\" src=\"https:\/\/i0.wp.com\/sebmultiservices.com\/wp-content\/uploads\/2022\/02\/IMG_7152.jpg?resize=847%2C635&#038;ssl=1\" alt=\"\" class=\"wp-image-1085\" srcset=\"https:\/\/i0.wp.com\/sebmultiservices.com\/wp-content\/uploads\/2022\/02\/IMG_7152-scaled.jpg?resize=1024%2C768&amp;ssl=1 1024w, https:\/\/i0.wp.com\/sebmultiservices.com\/wp-content\/uploads\/2022\/02\/IMG_7152-scaled.jpg?resize=300%2C225&amp;ssl=1 300w, https:\/\/i0.wp.com\/sebmultiservices.com\/wp-content\/uploads\/2022\/02\/IMG_7152-scaled.jpg?resize=768%2C576&amp;ssl=1 768w, https:\/\/i0.wp.com\/sebmultiservices.com\/wp-content\/uploads\/2022\/02\/IMG_7152-scaled.jpg?resize=1536%2C1152&amp;ssl=1 1536w, https:\/\/i0.wp.com\/sebmultiservices.com\/wp-content\/uploads\/2022\/02\/IMG_7152-scaled.jpg?resize=2048%2C1536&amp;ssl=1 2048w, https:\/\/i0.wp.com\/sebmultiservices.com\/wp-content\/uploads\/2022\/02\/IMG_7152-scaled.jpg?w=1694&amp;ssl=1 1694w, https:\/\/i0.wp.com\/sebmultiservices.com\/wp-content\/uploads\/2022\/02\/IMG_7152-scaled.jpg?w=2541&amp;ssl=1 2541w\" sizes=\"(max-width: 847px) 100vw, 847px\" \/><figcaption class=\"wp-element-caption\">Apr\u00e8s<\/figcaption><\/figure>\n<\/figure>\n\n\n\n<div style=\"height:10px\" aria-hidden=\"true\" class=\"wp-block-spacer\"><\/div>\n\n\n\n<p><strong><span class=\"has-inline-color has-vivid-cyan-blue-color\">Projet<\/span><\/strong> : Pose d&rsquo;une cuisine \u00e9quip\u00e9e<\/p>\n\n\n\n<figure class=\"wp-block-gallery has-nested-images columns-default is-cropped wp-block-gallery-5 is-layout-flex wp-block-gallery-is-layout-flex\">\n<figure class=\"wp-block-image size-large\"><img data-recalc-dims=\"1\" loading=\"lazy\" decoding=\"async\" width=\"847\" height=\"635\" data-id=\"1087\" src=\"https:\/\/i0.wp.com\/sebmultiservices.com\/wp-content\/uploads\/2022\/02\/IMG_9971.jpg?resize=847%2C635&#038;ssl=1\" alt=\"\" class=\"wp-image-1087\" srcset=\"https:\/\/i0.wp.com\/sebmultiservices.com\/wp-content\/uploads\/2022\/02\/IMG_9971.jpg?resize=1024%2C768&amp;ssl=1 1024w, https:\/\/i0.wp.com\/sebmultiservices.com\/wp-content\/uploads\/2022\/02\/IMG_9971.jpg?resize=300%2C225&amp;ssl=1 300w, https:\/\/i0.wp.com\/sebmultiservices.com\/wp-content\/uploads\/2022\/02\/IMG_9971.jpg?resize=768%2C576&amp;ssl=1 768w, https:\/\/i0.wp.com\/sebmultiservices.com\/wp-content\/uploads\/2022\/02\/IMG_9971.jpg?resize=1536%2C1152&amp;ssl=1 1536w, https:\/\/i0.wp.com\/sebmultiservices.com\/wp-content\/uploads\/2022\/02\/IMG_9971.jpg?w=2016&amp;ssl=1 2016w, https:\/\/i0.wp.com\/sebmultiservices.com\/wp-content\/uploads\/2022\/02\/IMG_9971.jpg?w=1694&amp;ssl=1 1694w\" sizes=\"(max-width: 847px) 100vw, 847px\" \/><figcaption class=\"wp-element-caption\">Apr\u00e8s<\/figcaption><\/figure>\n\n\n\n<figure class=\"wp-block-image size-large\"><img data-recalc-dims=\"1\" loading=\"lazy\" decoding=\"async\" width=\"847\" height=\"635\" data-id=\"1088\" src=\"https:\/\/i0.wp.com\/sebmultiservices.com\/wp-content\/uploads\/2022\/02\/IMG_9972.jpg?resize=847%2C635&#038;ssl=1\" alt=\"\" class=\"wp-image-1088\" srcset=\"https:\/\/i0.wp.com\/sebmultiservices.com\/wp-content\/uploads\/2022\/02\/IMG_9972.jpg?resize=1024%2C768&amp;ssl=1 1024w, https:\/\/i0.wp.com\/sebmultiservices.com\/wp-content\/uploads\/2022\/02\/IMG_9972.jpg?resize=300%2C225&amp;ssl=1 300w, https:\/\/i0.wp.com\/sebmultiservices.com\/wp-content\/uploads\/2022\/02\/IMG_9972.jpg?resize=768%2C576&amp;ssl=1 768w, https:\/\/i0.wp.com\/sebmultiservices.com\/wp-content\/uploads\/2022\/02\/IMG_9972.jpg?resize=1536%2C1152&amp;ssl=1 1536w, https:\/\/i0.wp.com\/sebmultiservices.com\/wp-content\/uploads\/2022\/02\/IMG_9972.jpg?w=2016&amp;ssl=1 2016w, https:\/\/i0.wp.com\/sebmultiservices.com\/wp-content\/uploads\/2022\/02\/IMG_9972.jpg?w=1694&amp;ssl=1 1694w\" sizes=\"(max-width: 847px) 100vw, 847px\" \/><figcaption class=\"wp-element-caption\">Apr\u00e8s<\/figcaption><\/figure>\n\n\n\n<figure class=\"wp-block-image size-large\"><img data-recalc-dims=\"1\" loading=\"lazy\" decoding=\"async\" width=\"768\" height=\"1024\" data-id=\"1089\" src=\"https:\/\/i0.wp.com\/sebmultiservices.com\/wp-content\/uploads\/2022\/02\/IMG_9973.jpg?resize=768%2C1024&#038;ssl=1\" alt=\"Pose de cuisine \u00e9quip\u00e9e\" class=\"wp-image-1089\" srcset=\"https:\/\/i0.wp.com\/sebmultiservices.com\/wp-content\/uploads\/2022\/02\/IMG_9973.jpg?resize=768%2C1024&amp;ssl=1 768w, https:\/\/i0.wp.com\/sebmultiservices.com\/wp-content\/uploads\/2022\/02\/IMG_9973.jpg?resize=225%2C300&amp;ssl=1 225w, https:\/\/i0.wp.com\/sebmultiservices.com\/wp-content\/uploads\/2022\/02\/IMG_9973.jpg?resize=1152%2C1536&amp;ssl=1 1152w, https:\/\/i0.wp.com\/sebmultiservices.com\/wp-content\/uploads\/2022\/02\/IMG_9973.jpg?w=1512&amp;ssl=1 1512w\" sizes=\"(max-width: 768px) 100vw, 768px\" \/><figcaption class=\"wp-element-caption\">Apr\u00e8s<\/figcaption><\/figure>\n<\/figure>\n\n\n\n<p>Demandez moi un devis pour vos travaux : <a title=\"Cliquez ici pour acc\u00e9der au formulaire de contact\" href=\"https:\/\/sebmultiservices.com\/index.php\/me-contacter\/\">le formulaire de contact<\/a><\/p>\n","protected":false},"excerpt":{"rendered":"<p>Projet : Pose d&rsquo;une cuisine \u00e9quip\u00e9e :&nbsp;colonnes, plaque en vitro c\u00e9ramique, \u00eelot central&nbsp;et prise de courant r\u00e9tractable Projet : Pose &hellip; <\/p>\n","protected":false},"author":4,"featured_media":0,"parent":0,"menu_order":0,"comment_status":"closed","ping_status":"closed","template":"","meta":{"footnotes":""},"yoast_head":"<!-- This site is optimized with the Yoast SEO plugin v24.5 - https:\/\/yoast.com\/wordpress\/plugins\/seo\/ -->\n<title>Pose de cuisine \u00e9quip\u00e9e &#8211; Seb Multiservices<\/title>\n<meta name=\"description\" content=\"Pose de cuisine \u00e9quip\u00e9e, Seb Multiservices, le service \u00e0 domicile sur mesure. Raccord c\u00e2blage \u00e9lectrique, prise de courant r\u00e9tractable.\" \/>\n<meta name=\"robots\" content=\"index, follow, max-snippet:-1, max-image-preview:large, max-video-preview:-1\" \/>\n<link rel=\"canonical\" href=\"https:\/\/sebmultiservices.com\/index.php\/pose-de-cuisine-equipee\/\" \/>\n<meta property=\"og:locale\" content=\"fr_FR\" \/>\n<meta property=\"og:type\" content=\"article\" \/>\n<meta property=\"og:title\" content=\"Pose de cuisine \u00e9quip\u00e9e &#8211; Seb Multiservices\" \/>\n<meta property=\"og:description\" content=\"Pose de cuisine \u00e9quip\u00e9e, Seb Multiservices, le service \u00e0 domicile sur mesure. Raccord c\u00e2blage \u00e9lectrique, prise de courant r\u00e9tractable.\" \/>\n<meta property=\"og:url\" content=\"https:\/\/sebmultiservices.com\/index.php\/pose-de-cuisine-equipee\/\" \/>\n<meta property=\"og:site_name\" content=\"Seb Multiservices\" \/>\n<meta property=\"article:modified_time\" content=\"2024-09-06T08:46:55+00:00\" \/>\n<meta property=\"og:image\" content=\"https:\/\/sebmultiservices.com\/wp-content\/uploads\/2022\/02\/IMG_7009-1024x768.jpg\" \/>\n<meta name=\"twitter:card\" content=\"summary_large_image\" \/>\n<meta name=\"twitter:label1\" content=\"Dur\u00e9e de lecture estim\u00e9e\" \/>\n\t<meta name=\"twitter:data1\" content=\"3 minutes\" \/>\n<script type=\"application\/ld+json\" class=\"yoast-schema-graph\">{\"@context\":\"https:\/\/schema.org\",\"@graph\":[{\"@type\":\"WebPage\",\"@id\":\"https:\/\/sebmultiservices.com\/index.php\/pose-de-cuisine-equipee\/\",\"url\":\"https:\/\/sebmultiservices.com\/index.php\/pose-de-cuisine-equipee\/\",\"name\":\"Pose de cuisine \u00e9quip\u00e9e &#8211; Seb Multiservices\",\"isPartOf\":{\"@id\":\"https:\/\/sebmultiservices.com\/#website\"},\"primaryImageOfPage\":{\"@id\":\"https:\/\/sebmultiservices.com\/index.php\/pose-de-cuisine-equipee\/#primaryimage\"},\"image\":{\"@id\":\"https:\/\/sebmultiservices.com\/index.php\/pose-de-cuisine-equipee\/#primaryimage\"},\"thumbnailUrl\":\"https:\/\/sebmultiservices.com\/wp-content\/uploads\/2022\/02\/IMG_7009-1024x768.jpg\",\"datePublished\":\"2022-02-13T21:22:05+00:00\",\"dateModified\":\"2024-09-06T08:46:55+00:00\",\"description\":\"Pose de cuisine \u00e9quip\u00e9e, Seb Multiservices, le service \u00e0 domicile sur mesure. Raccord c\u00e2blage \u00e9lectrique, prise de courant r\u00e9tractable.\",\"breadcrumb\":{\"@id\":\"https:\/\/sebmultiservices.com\/index.php\/pose-de-cuisine-equipee\/#breadcrumb\"},\"inLanguage\":\"fr-FR\",\"potentialAction\":[{\"@type\":\"ReadAction\",\"target\":[\"https:\/\/sebmultiservices.com\/index.php\/pose-de-cuisine-equipee\/\"]}]},{\"@type\":\"ImageObject\",\"inLanguage\":\"fr-FR\",\"@id\":\"https:\/\/sebmultiservices.com\/index.php\/pose-de-cuisine-equipee\/#primaryimage\",\"url\":\"https:\/\/i0.wp.com\/sebmultiservices.com\/wp-content\/uploads\/2022\/02\/IMG_7009.jpg?fit=1632%2C1224&ssl=1\",\"contentUrl\":\"https:\/\/i0.wp.com\/sebmultiservices.com\/wp-content\/uploads\/2022\/02\/IMG_7009.jpg?fit=1632%2C1224&ssl=1\",\"width\":1632,\"height\":1224},{\"@type\":\"BreadcrumbList\",\"@id\":\"https:\/\/sebmultiservices.com\/index.php\/pose-de-cuisine-equipee\/#breadcrumb\",\"itemListElement\":[{\"@type\":\"ListItem\",\"position\":1,\"name\":\"Accueil\",\"item\":\"https:\/\/sebmultiservices.com\/\"},{\"@type\":\"ListItem\",\"position\":2,\"name\":\"Pose de cuisine \u00e9quip\u00e9e\"}]},{\"@type\":\"WebSite\",\"@id\":\"https:\/\/sebmultiservices.com\/#website\",\"url\":\"https:\/\/sebmultiservices.com\/\",\"name\":\"Seb Multiservices\",\"description\":\"Le service \u00e0 domicile sur-mesure !\",\"publisher\":{\"@id\":\"https:\/\/sebmultiservices.com\/#organization\"},\"potentialAction\":[{\"@type\":\"SearchAction\",\"target\":{\"@type\":\"EntryPoint\",\"urlTemplate\":\"https:\/\/sebmultiservices.com\/?s={search_term_string}\"},\"query-input\":{\"@type\":\"PropertyValueSpecification\",\"valueRequired\":true,\"valueName\":\"search_term_string\"}}],\"inLanguage\":\"fr-FR\"},{\"@type\":\"Organization\",\"@id\":\"https:\/\/sebmultiservices.com\/#organization\",\"name\":\"Seb Multiservices\",\"url\":\"https:\/\/sebmultiservices.com\/\",\"logo\":{\"@type\":\"ImageObject\",\"inLanguage\":\"fr-FR\",\"@id\":\"https:\/\/sebmultiservices.com\/#\/schema\/logo\/image\/\",\"url\":\"https:\/\/sebmultiservices.com\/wp-content\/uploads\/2021\/03\/cropped-Logo-devant-t-shirt-6.jpg\",\"contentUrl\":\"https:\/\/sebmultiservices.com\/wp-content\/uploads\/2021\/03\/cropped-Logo-devant-t-shirt-6.jpg\",\"width\":804,\"height\":326,\"caption\":\"Seb Multiservices\"},\"image\":{\"@id\":\"https:\/\/sebmultiservices.com\/#\/schema\/logo\/image\/\"}}]}<\/script>\n<!-- \/ Yoast SEO plugin. -->","yoast_head_json":{"title":"Pose de cuisine \u00e9quip\u00e9e &#8211; Seb Multiservices","description":"Pose de cuisine \u00e9quip\u00e9e, Seb Multiservices, le service \u00e0 domicile sur mesure. Raccord c\u00e2blage \u00e9lectrique, prise de courant r\u00e9tractable.","robots":{"index":"index","follow":"follow","max-snippet":"max-snippet:-1","max-image-preview":"max-image-preview:large","max-video-preview":"max-video-preview:-1"},"canonical":"https:\/\/sebmultiservices.com\/index.php\/pose-de-cuisine-equipee\/","og_locale":"fr_FR","og_type":"article","og_title":"Pose de cuisine \u00e9quip\u00e9e &#8211; Seb Multiservices","og_description":"Pose de cuisine \u00e9quip\u00e9e, Seb Multiservices, le service \u00e0 domicile sur mesure. Raccord c\u00e2blage \u00e9lectrique, prise de courant r\u00e9tractable.","og_url":"https:\/\/sebmultiservices.com\/index.php\/pose-de-cuisine-equipee\/","og_site_name":"Seb Multiservices","article_modified_time":"2024-09-06T08:46:55+00:00","og_image":[{"url":"https:\/\/sebmultiservices.com\/wp-content\/uploads\/2022\/02\/IMG_7009-1024x768.jpg","type":"","width":"","height":""}],"twitter_card":"summary_large_image","twitter_misc":{"Dur\u00e9e de lecture estim\u00e9e":"3 minutes"},"schema":{"@context":"https:\/\/schema.org","@graph":[{"@type":"WebPage","@id":"https:\/\/sebmultiservices.com\/index.php\/pose-de-cuisine-equipee\/","url":"https:\/\/sebmultiservices.com\/index.php\/pose-de-cuisine-equipee\/","name":"Pose de cuisine \u00e9quip\u00e9e &#8211; Seb Multiservices","isPartOf":{"@id":"https:\/\/sebmultiservices.com\/#website"},"primaryImageOfPage":{"@id":"https:\/\/sebmultiservices.com\/index.php\/pose-de-cuisine-equipee\/#primaryimage"},"image":{"@id":"https:\/\/sebmultiservices.com\/index.php\/pose-de-cuisine-equipee\/#primaryimage"},"thumbnailUrl":"https:\/\/sebmultiservices.com\/wp-content\/uploads\/2022\/02\/IMG_7009-1024x768.jpg","datePublished":"2022-02-13T21:22:05+00:00","dateModified":"2024-09-06T08:46:55+00:00","description":"Pose de cuisine \u00e9quip\u00e9e, Seb Multiservices, le service \u00e0 domicile sur mesure. Raccord c\u00e2blage \u00e9lectrique, prise de courant r\u00e9tractable.","breadcrumb":{"@id":"https:\/\/sebmultiservices.com\/index.php\/pose-de-cuisine-equipee\/#breadcrumb"},"inLanguage":"fr-FR","potentialAction":[{"@type":"ReadAction","target":["https:\/\/sebmultiservices.com\/index.php\/pose-de-cuisine-equipee\/"]}]},{"@type":"ImageObject","inLanguage":"fr-FR","@id":"https:\/\/sebmultiservices.com\/index.php\/pose-de-cuisine-equipee\/#primaryimage","url":"https:\/\/i0.wp.com\/sebmultiservices.com\/wp-content\/uploads\/2022\/02\/IMG_7009.jpg?fit=1632%2C1224&ssl=1","contentUrl":"https:\/\/i0.wp.com\/sebmultiservices.com\/wp-content\/uploads\/2022\/02\/IMG_7009.jpg?fit=1632%2C1224&ssl=1","width":1632,"height":1224},{"@type":"BreadcrumbList","@id":"https:\/\/sebmultiservices.com\/index.php\/pose-de-cuisine-equipee\/#breadcrumb","itemListElement":[{"@type":"ListItem","position":1,"name":"Accueil","item":"https:\/\/sebmultiservices.com\/"},{"@type":"ListItem","position":2,"name":"Pose de cuisine \u00e9quip\u00e9e"}]},{"@type":"WebSite","@id":"https:\/\/sebmultiservices.com\/#website","url":"https:\/\/sebmultiservices.com\/","name":"Seb Multiservices","description":"Le service \u00e0 domicile sur-mesure !","publisher":{"@id":"https:\/\/sebmultiservices.com\/#organization"},"potentialAction":[{"@type":"SearchAction","target":{"@type":"EntryPoint","urlTemplate":"https:\/\/sebmultiservices.com\/?s={search_term_string}"},"query-input":{"@type":"PropertyValueSpecification","valueRequired":true,"valueName":"search_term_string"}}],"inLanguage":"fr-FR"},{"@type":"Organization","@id":"https:\/\/sebmultiservices.com\/#organization","name":"Seb Multiservices","url":"https:\/\/sebmultiservices.com\/","logo":{"@type":"ImageObject","inLanguage":"fr-FR","@id":"https:\/\/sebmultiservices.com\/#\/schema\/logo\/image\/","url":"https:\/\/sebmultiservices.com\/wp-content\/uploads\/2021\/03\/cropped-Logo-devant-t-shirt-6.jpg","contentUrl":"https:\/\/sebmultiservices.com\/wp-content\/uploads\/2021\/03\/cropped-Logo-devant-t-shirt-6.jpg","width":804,"height":326,"caption":"Seb Multiservices"},"image":{"@id":"https:\/\/sebmultiservices.com\/#\/schema\/logo\/image\/"}}]}},"jetpack_sharing_enabled":true,"_links":{"self":[{"href":"https:\/\/sebmultiservices.com\/index.php\/wp-json\/wp\/v2\/pages\/1068"}],"collection":[{"href":"https:\/\/sebmultiservices.com\/index.php\/wp-json\/wp\/v2\/pages"}],"about":[{"href":"https:\/\/sebmultiservices.com\/index.php\/wp-json\/wp\/v2\/types\/page"}],"author":[{"embeddable":true,"href":"https:\/\/sebmultiservices.com\/index.php\/wp-json\/wp\/v2\/users\/4"}],"replies":[{"embeddable":true,"href":"https:\/\/sebmultiservices.com\/index.php\/wp-json\/wp\/v2\/comments?post=1068"}],"version-history":[{"count":8,"href":"https:\/\/sebmultiservices.com\/index.php\/wp-json\/wp\/v2\/pages\/1068\/revisions"}],"predecessor-version":[{"id":1125,"href":"https:\/\/sebmultiservices.com\/index.php\/wp-json\/wp\/v2\/pages\/1068\/revisions\/1125"}],"wp:attachment":[{"href":"https:\/\/sebmultiservices.com\/index.php\/wp-json\/wp\/v2\/media?parent=1068"}],"curies":[{"name":"wp","href":"https:\/\/api.w.org\/{rel}","templated":true}]}}