{"id":182,"date":"2021-03-30T16:13:31","date_gmt":"2021-03-30T14:13:31","guid":{"rendered":"http:\/\/sebmultiservices.com\/?page_id=182"},"modified":"2021-05-04T17:20:09","modified_gmt":"2021-05-04T15:20:09","slug":"carrelage-faience-parquet","status":"publish","type":"page","link":"https:\/\/sebmultiservices.com\/index.php\/carrelage-faience-parquet\/","title":{"rendered":"Carrelage &#8211; Fa\u00efence &#8211; Parquet"},"content":{"rendered":"\n<p>Qu&rsquo;il s&rsquo;agisse de carrelage, de fa\u00efence ou encore de parquet, je m&rsquo;occupe de l&rsquo;installation de ceux-ci.<\/p>\n\n\n\n<figure class=\"wp-block-gallery columns-2 is-cropped wp-block-gallery-1 is-layout-flex wp-block-gallery-is-layout-flex\"><ul class=\"blocks-gallery-grid\"><li class=\"blocks-gallery-item\"><figure><img data-recalc-dims=\"1\" loading=\"lazy\" decoding=\"async\" width=\"768\" height=\"1024\" src=\"https:\/\/i0.wp.com\/sebmultiservices.com\/wp-content\/uploads\/2021\/04\/Sol.jpg?resize=768%2C1024&#038;ssl=1\" alt=\"\" data-id=\"549\" data-full-url=\"https:\/\/sebmultiservices.com\/wp-content\/uploads\/2021\/04\/Sol-scaled.jpg\" data-link=\"https:\/\/sebmultiservices.com\/index.php\/es\/embaldosado\/sol\/\" class=\"wp-image-549\" srcset=\"https:\/\/i0.wp.com\/sebmultiservices.com\/wp-content\/uploads\/2021\/04\/Sol-scaled.jpg?resize=768%2C1024&amp;ssl=1 768w, https:\/\/i0.wp.com\/sebmultiservices.com\/wp-content\/uploads\/2021\/04\/Sol-scaled.jpg?resize=225%2C300&amp;ssl=1 225w, https:\/\/i0.wp.com\/sebmultiservices.com\/wp-content\/uploads\/2021\/04\/Sol-scaled.jpg?resize=1152%2C1536&amp;ssl=1 1152w, https:\/\/i0.wp.com\/sebmultiservices.com\/wp-content\/uploads\/2021\/04\/Sol-scaled.jpg?resize=1536%2C2048&amp;ssl=1 1536w, https:\/\/i0.wp.com\/sebmultiservices.com\/wp-content\/uploads\/2021\/04\/Sol-scaled.jpg?w=1920&amp;ssl=1 1920w, https:\/\/i0.wp.com\/sebmultiservices.com\/wp-content\/uploads\/2021\/04\/Sol-scaled.jpg?w=1694&amp;ssl=1 1694w\" sizes=\"(max-width: 768px) 100vw, 768px\" \/><\/figure><\/li><li class=\"blocks-gallery-item\"><figure><img data-recalc-dims=\"1\" loading=\"lazy\" decoding=\"async\" width=\"768\" height=\"1024\" src=\"https:\/\/i0.wp.com\/sebmultiservices.com\/wp-content\/uploads\/2021\/04\/Sol-2.jpg?resize=768%2C1024&#038;ssl=1\" alt=\"\" data-id=\"548\" data-full-url=\"https:\/\/sebmultiservices.com\/wp-content\/uploads\/2021\/04\/Sol-2-scaled.jpg\" data-link=\"https:\/\/sebmultiservices.com\/index.php\/es\/embaldosado\/sol-2\/\" class=\"wp-image-548\" srcset=\"https:\/\/i0.wp.com\/sebmultiservices.com\/wp-content\/uploads\/2021\/04\/Sol-2-scaled.jpg?resize=768%2C1024&amp;ssl=1 768w, https:\/\/i0.wp.com\/sebmultiservices.com\/wp-content\/uploads\/2021\/04\/Sol-2-scaled.jpg?resize=225%2C300&amp;ssl=1 225w, https:\/\/i0.wp.com\/sebmultiservices.com\/wp-content\/uploads\/2021\/04\/Sol-2-scaled.jpg?resize=1152%2C1536&amp;ssl=1 1152w, https:\/\/i0.wp.com\/sebmultiservices.com\/wp-content\/uploads\/2021\/04\/Sol-2-scaled.jpg?resize=1536%2C2048&amp;ssl=1 1536w, https:\/\/i0.wp.com\/sebmultiservices.com\/wp-content\/uploads\/2021\/04\/Sol-2-scaled.jpg?w=1920&amp;ssl=1 1920w, https:\/\/i0.wp.com\/sebmultiservices.com\/wp-content\/uploads\/2021\/04\/Sol-2-scaled.jpg?w=1694&amp;ssl=1 1694w\" sizes=\"(max-width: 768px) 100vw, 768px\" \/><\/figure><\/li><\/ul><\/figure>\n","protected":false},"excerpt":{"rendered":"<p>Qu&rsquo;il s&rsquo;agisse de carrelage, de fa\u00efence ou encore de parquet, je m&rsquo;occupe de l&rsquo;installation de ceux-ci.<\/p>\n","protected":false},"author":2,"featured_media":0,"parent":0,"menu_order":0,"comment_status":"closed","ping_status":"closed","template":"","meta":{"footnotes":""},"yoast_head":"<!-- This site is optimized with the Yoast SEO plugin v24.5 - https:\/\/yoast.com\/wordpress\/plugins\/seo\/ -->\n<title>Carrelage - Fa\u00efence - Parquet &#8211; Seb Multiservices<\/title>\n<meta name=\"description\" content=\"Je m&#039;occupe d&#039;installer du parquet, du carrelage ou encore de la fa\u00efence. Vous pouvez \u00eatre s\u00fbr que le r\u00e9sultat final rendra bien.\" \/>\n<meta name=\"robots\" content=\"index, follow, max-snippet:-1, max-image-preview:large, max-video-preview:-1\" \/>\n<link rel=\"canonical\" href=\"https:\/\/sebmultiservices.com\/index.php\/carrelage-faience-parquet\/\" \/>\n<meta property=\"og:locale\" content=\"fr_FR\" \/>\n<meta property=\"og:type\" content=\"article\" \/>\n<meta property=\"og:title\" content=\"Carrelage - Fa\u00efence - Parquet &#8211; Seb Multiservices\" \/>\n<meta property=\"og:description\" content=\"Je m&#039;occupe d&#039;installer du parquet, du carrelage ou encore de la fa\u00efence. Vous pouvez \u00eatre s\u00fbr que le r\u00e9sultat final rendra bien.\" \/>\n<meta property=\"og:url\" content=\"https:\/\/sebmultiservices.com\/index.php\/carrelage-faience-parquet\/\" \/>\n<meta property=\"og:site_name\" content=\"Seb Multiservices\" \/>\n<meta property=\"article:modified_time\" content=\"2021-05-04T15:20:09+00:00\" \/>\n<meta property=\"og:image\" content=\"http:\/\/sebmultiservices.com\/wp-content\/uploads\/2021\/04\/Sol-768x1024.jpg\" \/>\n<meta name=\"twitter:card\" content=\"summary_large_image\" \/>\n<meta name=\"twitter:label1\" content=\"Dur\u00e9e de lecture estim\u00e9e\" \/>\n\t<meta name=\"twitter:data1\" content=\"1 minute\" \/>\n<script type=\"application\/ld+json\" class=\"yoast-schema-graph\">{\"@context\":\"https:\/\/schema.org\",\"@graph\":[{\"@type\":\"WebPage\",\"@id\":\"https:\/\/sebmultiservices.com\/index.php\/carrelage-faience-parquet\/\",\"url\":\"https:\/\/sebmultiservices.com\/index.php\/carrelage-faience-parquet\/\",\"name\":\"Carrelage - Fa\u00efence - Parquet &#8211; Seb Multiservices\",\"isPartOf\":{\"@id\":\"https:\/\/sebmultiservices.com\/#website\"},\"primaryImageOfPage\":{\"@id\":\"https:\/\/sebmultiservices.com\/index.php\/carrelage-faience-parquet\/#primaryimage\"},\"image\":{\"@id\":\"https:\/\/sebmultiservices.com\/index.php\/carrelage-faience-parquet\/#primaryimage\"},\"thumbnailUrl\":\"http:\/\/sebmultiservices.com\/wp-content\/uploads\/2021\/04\/Sol-768x1024.jpg\",\"datePublished\":\"2021-03-30T14:13:31+00:00\",\"dateModified\":\"2021-05-04T15:20:09+00:00\",\"description\":\"Je m'occupe d'installer du parquet, du carrelage ou encore de la fa\u00efence. Vous pouvez \u00eatre s\u00fbr que le r\u00e9sultat final rendra bien.\",\"breadcrumb\":{\"@id\":\"https:\/\/sebmultiservices.com\/index.php\/carrelage-faience-parquet\/#breadcrumb\"},\"inLanguage\":\"fr-FR\",\"potentialAction\":[{\"@type\":\"ReadAction\",\"target\":[\"https:\/\/sebmultiservices.com\/index.php\/carrelage-faience-parquet\/\"]}]},{\"@type\":\"ImageObject\",\"inLanguage\":\"fr-FR\",\"@id\":\"https:\/\/sebmultiservices.com\/index.php\/carrelage-faience-parquet\/#primaryimage\",\"url\":\"http:\/\/sebmultiservices.com\/wp-content\/uploads\/2021\/04\/Sol-768x1024.jpg\",\"contentUrl\":\"http:\/\/sebmultiservices.com\/wp-content\/uploads\/2021\/04\/Sol-768x1024.jpg\"},{\"@type\":\"BreadcrumbList\",\"@id\":\"https:\/\/sebmultiservices.com\/index.php\/carrelage-faience-parquet\/#breadcrumb\",\"itemListElement\":[{\"@type\":\"ListItem\",\"position\":1,\"name\":\"Accueil\",\"item\":\"https:\/\/sebmultiservices.com\/\"},{\"@type\":\"ListItem\",\"position\":2,\"name\":\"Carrelage &#8211; Fa\u00efence &#8211; Parquet\"}]},{\"@type\":\"WebSite\",\"@id\":\"https:\/\/sebmultiservices.com\/#website\",\"url\":\"https:\/\/sebmultiservices.com\/\",\"name\":\"Seb Multiservices\",\"description\":\"Le service \u00e0 domicile sur-mesure !\",\"publisher\":{\"@id\":\"https:\/\/sebmultiservices.com\/#organization\"},\"potentialAction\":[{\"@type\":\"SearchAction\",\"target\":{\"@type\":\"EntryPoint\",\"urlTemplate\":\"https:\/\/sebmultiservices.com\/?s={search_term_string}\"},\"query-input\":{\"@type\":\"PropertyValueSpecification\",\"valueRequired\":true,\"valueName\":\"search_term_string\"}}],\"inLanguage\":\"fr-FR\"},{\"@type\":\"Organization\",\"@id\":\"https:\/\/sebmultiservices.com\/#organization\",\"name\":\"Seb Multiservices\",\"url\":\"https:\/\/sebmultiservices.com\/\",\"logo\":{\"@type\":\"ImageObject\",\"inLanguage\":\"fr-FR\",\"@id\":\"https:\/\/sebmultiservices.com\/#\/schema\/logo\/image\/\",\"url\":\"https:\/\/sebmultiservices.com\/wp-content\/uploads\/2021\/03\/cropped-Logo-devant-t-shirt-6.jpg\",\"contentUrl\":\"https:\/\/sebmultiservices.com\/wp-content\/uploads\/2021\/03\/cropped-Logo-devant-t-shirt-6.jpg\",\"width\":804,\"height\":326,\"caption\":\"Seb Multiservices\"},\"image\":{\"@id\":\"https:\/\/sebmultiservices.com\/#\/schema\/logo\/image\/\"}}]}<\/script>\n<!-- \/ Yoast SEO plugin. -->","yoast_head_json":{"title":"Carrelage - Fa\u00efence - Parquet &#8211; Seb Multiservices","description":"Je m'occupe d'installer du parquet, du carrelage ou encore de la fa\u00efence. Vous pouvez \u00eatre s\u00fbr que le r\u00e9sultat final rendra bien.","robots":{"index":"index","follow":"follow","max-snippet":"max-snippet:-1","max-image-preview":"max-image-preview:large","max-video-preview":"max-video-preview:-1"},"canonical":"https:\/\/sebmultiservices.com\/index.php\/carrelage-faience-parquet\/","og_locale":"fr_FR","og_type":"article","og_title":"Carrelage - Fa\u00efence - Parquet &#8211; Seb Multiservices","og_description":"Je m'occupe d'installer du parquet, du carrelage ou encore de la fa\u00efence. Vous pouvez \u00eatre s\u00fbr que le r\u00e9sultat final rendra bien.","og_url":"https:\/\/sebmultiservices.com\/index.php\/carrelage-faience-parquet\/","og_site_name":"Seb Multiservices","article_modified_time":"2021-05-04T15:20:09+00:00","og_image":[{"url":"http:\/\/sebmultiservices.com\/wp-content\/uploads\/2021\/04\/Sol-768x1024.jpg","type":"","width":"","height":""}],"twitter_card":"summary_large_image","twitter_misc":{"Dur\u00e9e de lecture estim\u00e9e":"1 minute"},"schema":{"@context":"https:\/\/schema.org","@graph":[{"@type":"WebPage","@id":"https:\/\/sebmultiservices.com\/index.php\/carrelage-faience-parquet\/","url":"https:\/\/sebmultiservices.com\/index.php\/carrelage-faience-parquet\/","name":"Carrelage - Fa\u00efence - Parquet &#8211; Seb Multiservices","isPartOf":{"@id":"https:\/\/sebmultiservices.com\/#website"},"primaryImageOfPage":{"@id":"https:\/\/sebmultiservices.com\/index.php\/carrelage-faience-parquet\/#primaryimage"},"image":{"@id":"https:\/\/sebmultiservices.com\/index.php\/carrelage-faience-parquet\/#primaryimage"},"thumbnailUrl":"http:\/\/sebmultiservices.com\/wp-content\/uploads\/2021\/04\/Sol-768x1024.jpg","datePublished":"2021-03-30T14:13:31+00:00","dateModified":"2021-05-04T15:20:09+00:00","description":"Je m'occupe d'installer du parquet, du carrelage ou encore de la fa\u00efence. Vous pouvez \u00eatre s\u00fbr que le r\u00e9sultat final rendra bien.","breadcrumb":{"@id":"https:\/\/sebmultiservices.com\/index.php\/carrelage-faience-parquet\/#breadcrumb"},"inLanguage":"fr-FR","potentialAction":[{"@type":"ReadAction","target":["https:\/\/sebmultiservices.com\/index.php\/carrelage-faience-parquet\/"]}]},{"@type":"ImageObject","inLanguage":"fr-FR","@id":"https:\/\/sebmultiservices.com\/index.php\/carrelage-faience-parquet\/#primaryimage","url":"http:\/\/sebmultiservices.com\/wp-content\/uploads\/2021\/04\/Sol-768x1024.jpg","contentUrl":"http:\/\/sebmultiservices.com\/wp-content\/uploads\/2021\/04\/Sol-768x1024.jpg"},{"@type":"BreadcrumbList","@id":"https:\/\/sebmultiservices.com\/index.php\/carrelage-faience-parquet\/#breadcrumb","itemListElement":[{"@type":"ListItem","position":1,"name":"Accueil","item":"https:\/\/sebmultiservices.com\/"},{"@type":"ListItem","position":2,"name":"Carrelage &#8211; Fa\u00efence &#8211; Parquet"}]},{"@type":"WebSite","@id":"https:\/\/sebmultiservices.com\/#website","url":"https:\/\/sebmultiservices.com\/","name":"Seb Multiservices","description":"Le service \u00e0 domicile sur-mesure !","publisher":{"@id":"https:\/\/sebmultiservices.com\/#organization"},"potentialAction":[{"@type":"SearchAction","target":{"@type":"EntryPoint","urlTemplate":"https:\/\/sebmultiservices.com\/?s={search_term_string}"},"query-input":{"@type":"PropertyValueSpecification","valueRequired":true,"valueName":"search_term_string"}}],"inLanguage":"fr-FR"},{"@type":"Organization","@id":"https:\/\/sebmultiservices.com\/#organization","name":"Seb Multiservices","url":"https:\/\/sebmultiservices.com\/","logo":{"@type":"ImageObject","inLanguage":"fr-FR","@id":"https:\/\/sebmultiservices.com\/#\/schema\/logo\/image\/","url":"https:\/\/sebmultiservices.com\/wp-content\/uploads\/2021\/03\/cropped-Logo-devant-t-shirt-6.jpg","contentUrl":"https:\/\/sebmultiservices.com\/wp-content\/uploads\/2021\/03\/cropped-Logo-devant-t-shirt-6.jpg","width":804,"height":326,"caption":"Seb Multiservices"},"image":{"@id":"https:\/\/sebmultiservices.com\/#\/schema\/logo\/image\/"}}]}},"jetpack_sharing_enabled":true,"_links":{"self":[{"href":"https:\/\/sebmultiservices.com\/index.php\/wp-json\/wp\/v2\/pages\/182"}],"collection":[{"href":"https:\/\/sebmultiservices.com\/index.php\/wp-json\/wp\/v2\/pages"}],"about":[{"href":"https:\/\/sebmultiservices.com\/index.php\/wp-json\/wp\/v2\/types\/page"}],"author":[{"embeddable":true,"href":"https:\/\/sebmultiservices.com\/index.php\/wp-json\/wp\/v2\/users\/2"}],"replies":[{"embeddable":true,"href":"https:\/\/sebmultiservices.com\/index.php\/wp-json\/wp\/v2\/comments?post=182"}],"version-history":[{"count":5,"href":"https:\/\/sebmultiservices.com\/index.php\/wp-json\/wp\/v2\/pages\/182\/revisions"}],"predecessor-version":[{"id":995,"href":"https:\/\/sebmultiservices.com\/index.php\/wp-json\/wp\/v2\/pages\/182\/revisions\/995"}],"wp:attachment":[{"href":"https:\/\/sebmultiservices.com\/index.php\/wp-json\/wp\/v2\/media?parent=182"}],"curies":[{"name":"wp","href":"https:\/\/api.w.org\/{rel}","templated":true}]}}